+ 25*i - 6. Let f(m) = -3*m**3 + 2*m**2 + 9*m - 2. Let q(a) = 11*f(a) - 4*z(a). Calculate q(-6).
8
Let p(z) be the first derivative of -5*z**4/24 + z**3/6 + 7*z**2/2 - 4. Let b(f) be the second derivative of p(f). Calculate b(1).
-4
Let c(i) be the third derivative of -i**5/60 - i**4/24 - 5*i**2 + 6*i. Calculate c(2).
-6
Suppose 3*z - 79 = 2*u - 9, -z + 3*u + 35 = 0. Let i = 28 - z. Suppose -10 = -6*x + i*x. Let r(s) = s + 1. What is r(x)?
-4
Let o(y) = -y - 2. Let q be (8/20)/(1/15). Suppose -q = -c - c. Suppose 3*k + 6 = -l, -5*k - 17 = c*l + l. Give o(k).
-1
Let o(b) = b**3 + 11*b**2 - 21*b + 5. Let s(j) be the second derivative of j**4/4 - 5*j**3/6 + j**2/2 + 8*j. Let d(u) = -2*o(u) + 9*s(u). Determine d(3).
-19
Let p(l) = -l**3 - 3*l**2 + 6*l - 9. Let s = 8 - 1. Let r(z) = 3*z**3 + 8*z**2 - 19*z + 28. Let w(v) = s*p(v) + 2*r(v). Let h = -562 - -556. Give w(h).
5
Let j(b) = 2*b**2 + 2*b + 5. Let f(h) = 3*h**2 + 3*h + 6. Let v(o) = 3*f(o) - 4*j(o). Let z = -40 + 37. What is v(z)?
4
Let j(n) = -n**2 - 10*n + 26. Let x be j(-12). Let f(m) = -4*m**2 - 11*m**2 - 6*m**2 + 22*m**2 + 6*m - x. Give f(-5).
-7
Let n = 13 - 9. Let w(g) = -1 - 5 - 4*g + g**2 - 13*g - 2*g**2 + 24*g. Give w(n).
6
Let u be -1 + 0 + (-5)/(-1). Let c = -358 - -367. Let h(d) = -7 + 13 - c*d + u + d**2. What is h(7)?
-4
Suppose -s = -2*s - 6. Let o(u) = -u**2 + 14*u + 15. Let g be o(15). Let x(i) = -2*i - 3 - 2 - 2 + g*i. Give x(s).
5
Suppose -q + 3 - 12 = 0. Let s(v) be the first derivative of -v**3/3 - 11*v**2/2 - 4*v + 535. What is s(q)?
14
Let y(w) = -8*w - 31. Let u be y(-3). Let k(l) = -l**3 - 6*l**2 + 9*l. Give k(u).
-14
Let z(i) = 308*i + 4 - 307*i + 2. Let x(u) = u**3 - u**2 - u - 2. Let k be x(2). Let s be 0 - 2/6*k. What is z(s)?
6
Let q(l) be the second derivative of l**6/720 - l**5/120 - 17*l**4/6 - 27*l. Let h(b) be the third derivative of q(b). What is h(1)?
0
Let i(l) = l**3 + 4*l**2 + 6*l + 2. Let u be i(-2). Let x(k) = 4*k**3 + k**2 + 3*k + 1. Calculate x(u).
-33
Let m(p) = p. Suppose -4*w = 5*h + 16 - 51, 14 = w + 3*h. Let f be m(w). Suppose 9 = 3*d + g, 5*d - 3*g - 20 = -f. Let y(j) = -j**2 + j + 4. Give y(d).
-2
Let u(x) = 4*x + 10. Let c be u(-2). Let n(q) = 19 - 2*q - 12 - 10 + q**c. Give n(3).
0
Suppose -2 = 3*f - b, -3*f + 2*b + 2 = 3*b. Let h(q) = 9 + 10*q**2 + 9*q**2 + 19*q**2 + q**3 - 42*q**2 + 5*q**2. Give h(f).
9
Suppose -69*t - 3 = -70*t. Let v(c) = c + 3*c**3 + c**t - 5 - 6*c**2 - 3*c**3. Give v(5).
-25
Let p(l) be the third derivative of l**4/6 + l**2. Suppose -29 + 4 = -5*n. Suppose -5*g = n*a - 15, 2*g = -5*a - 2 + 11. What is p(a)?
4
Suppose 0 + 6 = 2*s. Suppose -11*c + 2*u = -14*c + 8, 6 = c + 4*u. Let y(q) = -4*q**2 + 3*q**3 + c*q**2 - q - 2*q**3 + 2. Give y(s).
8
Let s(i) be the third derivative of -i**5/60 - i**4/12 + 7*i**3/6 + 4*i**2. Let m be s(0). Let q(a) = -3*a + 6. Give q(m).
-15
Let m(p) = -2*p**3 - 13*p**2 - 10*p - 7. Suppose 2*h + 7 = -n - 4, 4*n - 22 = 3*h. Give m(h).
17
Let g(o) = -15 + 26 - 2*o + 9. Let x be g(13). Let r(y) = -3*y + 23. Let w(h) = -h + 11. Let t(q) = -2*r(q) + 5*w(q). Give t(x).
3
Let m(n) = 3*n**2 - n. Let g(x) = 0*x**3 - 2*x - 6*x**2 - 3*x - x**3 + 1. Suppose -6*k = 257 - 227. Let r be g(k). Give m(r).
2
Let u(y) = y - 1. Let k(i) = -10*i + 9. Let j be k(1). Let l(m) = -m**3 + 6*m**2. Let c(n) = j*l(n) + 4*u(n). Calculate c(3).
-19
Let q be 1 + -1 - 6/3. Let i(s) = -3*s + 2. Let h(p) = -5*p + 9. Let o(b) = -b + 2. Let j(r) = -2*h(r) + 9*o(r). Let y(n) = -i(n) - 2*j(n). Determine y(q).
-4
Let k(j) = 19 + 4*j**3 - j + 9 - 3*j**3. Calculate k(0).
28
Let z(a) be the third derivative of 3*a**4/8 - 2*a**2. Let j = -913 + 912. Give z(j).
-9
Let l(d) = -45*d**2 + 0 - 49*d**2 + 1 + 93*d**2 + d. What is l(4)?
-11
Let g be (-2 + 6)/(-1 - -3 - 0). Let d(i) = 2*i**3 - 5*i**2 + 5*i. Let j be d(g). Let w(l) = 5 + 6*l**2 + 0*l - l**3 - l + 0*l. Determine w(j).
-1
Let h(k) = 0*k**2 - 1 + 4 + k**2. Let g = 19299 + -19299. Give h(g).
3
Let o(n) = n**2 - 3*n + 2. Let z(f) = f**2 + f - 2. Let q(p) = -o(p) - z(p). Let l = 8 + -6. Give q(l).
-4
Let x(m) = -m + 3. Let c be (2 + 15/(-10))*6. Let o(v) = -3*v**2 + 2*v - 4. Let p be o(c). Let j = p - -22. Determine x(j).
6
Let w(u) = -7*u**2 - 4*u + 3. Let y(r) = -r**2 + 23*r - 110. Let d be y(16). Calculate w(d).
-33
Let d(n) = n**2 + 14*n - 30. Let v be d(-16). Let x(y) = 4*y**2 - y - 3. Calculate x(v).
11
Suppose -2*f - 3 = -27. Let k(h) = h**3 - 11*h**2 - 12*h + 2. What is k(f)?
2
Let y(t) be the second derivative of t**4/4 + t**3/6 - t**2/2 - 89*t + 5. Determine y(1).
3
Let u(k) be the first derivative of -3*k**2/2 + 3*k - 13. Give u(9).
-24
Let v(b) = -5*b**2 - 2*b - 9. Let d(r) = -9*r**2 - 4*r - 16. Let x(o) = 4*d(o) - 7*v(o). Give x(-3).
-4
Suppose -3*m + 3*r = -12, -31 + 7 = -5*m + 4*r. Let f(x) = -x**3 + 7*x**2 + 8*x + 6. Give f(m).
6
Let h(l) be the third derivative of l**5/60 + l**4/24 - l**3 + 20*l**2. Let v(r) = -9 + r + r + r**2 + 2. Let y(f) = -4*h(f) + 3*v(f). What is y(4)?
-5
Let j be 187/33 - (1 + (-14)/6). Let x(m) = m - 2. Determine x(j).
5
Suppose 3*h = -2*y - 14, 3*h = -5*y - 12 - 5. Let f(j) = 33*j**3 + j**2 + j + 1. Give f(y).
-32
Let q(s) = -s**3 + 19*s**2 + 17. Suppose -2*a + 2389 = 2351. What is q(a)?
17
Let v(w) = w**2 - 5*w. Let l be (16/3)/((-8)/(-12)). Suppose -n = n - l. What is v(n)?
-4
Let p(c) = c**3 - 25*c**2 - 24*c - 50. Let m = 41 + -15. Let v be p(m). Let r(y) = y**3 + y**2 - 2*y + 2. Determine r(v).
10
Let i(q) = -q**2 - 5*q - 5. Suppose -42 = 4*m - m + 2*b, 4*b - 76 = 4*m. Let c be 1/4 - (-162)/(-8). Let k = c - m. Calculate i(k).
-1
Suppose 0 = 3*d - 2 - 7. Let s be ((d + -1)/2)/(3/(-15)). Let x(r) = -r**2 - 7*r - 6. Determine x(s).
4
Let v(g) = -g + 8*g + 0*g - 3 - 4*g. Let p be -2 - ((-2)/(-11) + (-204)/33). What is v(p)?
9
Let j(t) = -t**2 + t + 5. Let u be 3*(-4)/(-12) - -6. Let q be (-1)/u + 5*(-5)/(-175). Calculate j(q).
5
Let v(j) = 3*j**2 + 7*j - 1. Let h(i) = 2*i**2 + 7*i - 1. Let z(t) = 4*h(t) - 3*v(t). Let c(b) = -b**2 + 14*b - 6. Let n be c(13). Give z(n).
-1
Let j(w) be the second derivative of 1/2*w**2 + 35*w + 1/6*w**3 + 0*w**4 - 1/20*w**5 + 0. Calculate j(-1).
1
Let b(l) = l**3 + 1. Let q be 8/12 - (-148)/(-6). Let n be 124/q + (-3)/(-18). Let u = -3 - n. Determine b(u).
9
Suppose -220 = 5*q - 2*a - 2*a, -3*q - 100 = 4*a. Let b be q/6 + (-22)/(-33). Let t(c) = -c**2 - 4*c + 8. What is t(b)?
-4
Let r = 19 + -13. Suppose 0 = r*j - 4*j - 6. Suppose -11 = -2*c - z, -c + 18 = j*c - 2*z. Let d(l) = -l**3 + 5*l**2 - l - 2. Give d(c).
-7
Let a(y) be the first derivative of y**4/4 - 10*y**3/3 + 4*y**2 + 10*y + 2. Let o be a(9). Let g(k) = 11*k**3 - 1. Give g(o).
10
Suppose 5*h = w - 6*w + 50, -3*h - 2*w + 25 = 0. Let z(f) = f**2 + 6*f - 57. Let m be z(h). Let n(l) = -2*l + 2. Give n(m).
6
Let p be (5/(-4))/(6/(-24)). Let l = 99 + -97. Let h(u) = -3*u + 0 - l*u - p + 0. Give h(-5).
20
Let b(v) = 31*v - 5*v - 17*v**2 + 21 + v**2. Let p(w) = -3*w**2 + 5*w + 4. Let j(m) = -2*b(m) + 11*p(m). Determine j(2).
4
Let l(u) be the first derivative of -u**4/4 + 7*u**3/3 - u**2/2 - 9*u - 4. What is l(7)?
-16
Suppose f = 4*f - 90. Let q = f + -30. Suppose -3*r + 2*m - m + 13 = q, 0 = -3*r - 2*m + 19. Let u(y) = y**2 - 3*y - 4. Determine u(r).
6
Let c(q) = 2*q**2 + q + 7 - 1 + 3*q + 0*q**2 + 2*q. Determine c(-3).
6
Let h(c) = 71 - 137 - c**2 + c**3 + 68 - 3*c. Give h(2).
0
Let q(m) = -m**3 - 7*m**2 + 5*m + 6. Let y(j) = -j**3 - 7*j**2 + 6*j + 7. Let f(v) = -6*q(v) + 5*y(v). Let p = 806 - 813. Calculate f(p).
-1
Let j(f) = 0*f**2 - 7*f**2 + 1 - 533*f - 6*f**2 + 534*f. Let m(w) = -2*w + 9. Let s be m(5). Give j(s).
-13
Suppose 0*p + 8 = -2*p - 2*j, j = 4*p + 6. Let c be (p/4)/((-12)/216). Suppose -8*w = -c*w. Let q(d) = -d + 7. Determine q(w).
7
Let p(c) = 8*c + 1. Let v(k) = 9*k + 2. Let o(j) = -4*p(j) + 3*v(j). Let i(r) = 2*r - 1. Let x(q) = 2*i(q) + o(q). Calculate x(-3).
3
Let w be 6/(-4) + 506/44. Let o(d) = -d**3 + 10*d**2 - 2*d + 1. Determine o(w).
-19
Suppose 4*o + 6 = 2. Let u be ((-28)/6)/(o + (-2)/(-6)). Let f(h) = -2*h + 10. What is f(u)?
-4
Let m(q) = 3*q**2 + 12*q. Let i(l) = 2*l**2 + 11*l + 1. Let h be -8*(2 - -9*2/(-12)). Let b(p) = h*i(p) + 3*m(p). What is b(9)?
5
Suppose 5*g + 21 = -2*o, 7 = -o - 5*g - 6. Let r(a) = -a**3 - 9*a